4 - 12*k + 0 + 4*k**2. Determine a(-6).
-4
Let v(d) be the third derivative of d**6/120 + d**5/15 - d**4/6 - d**3/2 - 12*d**2 + d. Determine v(-4).
13
Let c = 23 + -9. Let q(b) = c*b - 4*b**2 - b**3 - 8 + 1 - 7*b - 4*b. What is q(-5)?
3
Suppose 2*z + c = -3*z - 38, 0 = -c + 2. Let j be ((-18)/z)/((-2)/(16/(-3))). Let d(u) = -u**3 + 6*u**2 + 2*u - 8. Give d(j).
4
Let o(m) be the third derivative of -m**5/60 - 5*m**4/24 - m**3 + m**2 - 3. Determine o(-6).
-12
Suppose 8*y - 9*y + 3*m = 2, 4*y - 60 = -5*m. Let c(r) = -r**3 + 10*r**2 - 3*r + 8. Give c(y).
-22
Let h(v) = -7*v - 2. Let o(q) = 6*q + 1. Let g = -13 - -18. Let w(p) = g*h(p) + 6*o(p). Let i(n) = 206*n - 14837. Let u be i(72). Give w(u).
-9
Suppose -2*d - d - 3 = 0. Let w(u) = -u + 1. Let j(b) = -6*b**2 + 5*b - 2. Let s(z) = j(z) + 3*w(z). What is s(d)?
-7
Let b(l) = -l**3 - 13*l**2 + 49*l + 490. Let n be b(-14). Let t(z) = z**2 + z. Let k(o) = -2*o**2 - 2*o + 1. Let g(s) = -3*k(s) - 7*t(s). Give g(n).
-3
Let m be -8 - (-1 - 84/7). Let l(g) = g**2 - 6*g + 4. What is l(m)?
-1
Let u be 5 + (-42)/(-30) + (-6)/15. Let m(r) = -r**2 + 12*r - 2. What is m(u)?
34
Let x(j) = -j**3 + 2*j + 6*j**2 + j + 10 + 3*j. Let l(b) = 22*b - 345. Let m be l(16). Calculate x(m).
3
Let a(y) = -3*y + 0*y**2 + y**2 - 2*y**2. Let l be -10 + (-648)/(-63) + (-60)/14. Determine a(l).
-4
Let z(d) be the first derivative of -d**4/12 - d**3/6 - 3*d**2 + 18*d - 8. Let k(v) be the first derivative of z(v). Give k(0).
-6
Let o(u) = 18*u + 2. Let d = 206 - 205. Calculate o(d).
20
Suppose 0 = -5*r - 4*d + 26, 4*r - 6*r - 5*d + 24 = 0. Let s(f) = -2*f - 2. What is s(r)?
-6
Let l(x) be the second derivative of x**4/6 - 13*x**3/6 - 5*x**2 + 2*x + 4. What is l(7)?
-3
Let n(c) = 9*c**2 - c**3 + c + 6*c - c**2 - 6 - 5*c**2. Calculate n(5).
-21
Suppose 30*a + 107 + 103 = 0. Let z(r) = r**3 + 6*r**2 - 2*r - 9. Determine z(a).
-44
Let k(j) = -33*j - 5*j**2 - 4 + j**3 + 16*j + 24*j. Calculate k(5).
31
Let j(o) = -o**2 + 13*o + 1. Let m be j(10). Let q(u) = 3 - m*u**2 + 33*u**2 + 1 - u**3 - u. Give q(3).
-8
Let q(z) = 6 - 2*z**2 + 6 - 17 + 7 - z**3. Let y be -3 + 3 + -1 + 5. Suppose 12 = -4*t - 2*c + 3*c, y*c - 26 = 5*t. Calculate q(t).
2
Let j(l) = -7*l**2 - l. Let g = 40 + -50. Let q(b) = 2*b + 19. Let s be q(g). Calculate j(s).
-6
Let d(u) = u**3 - 347*u**2 + 2*u + 2 + 171*u**2 + 173*u**2. What is d(3)?
8
Let z(u) be the first derivative of 5*u**4/24 + 5*u**3/6 - 3*u**2/2 + 1. Let a(b) be the second derivative of z(b). Determine a(-4).
-15
Let l(n) = -6*n - 12. Let u be l(-6). Let m = u - 19. Let s(d) = 1 - d + 8 + m - 8. What is s(0)?
6
Suppose 4*d + 9 = x, 5 = -3*x - 3*d + 7*d. Let l(g) = g**3 + 8*g**2 + 5*g - 15. What is l(x)?
-1
Let y = -3 - -5. Let w(p) = -p**3 - 2*p**3 - 9*p**y - 1 - 9*p + 2*p**3. Suppose -532*o = -553*o - 168. Give w(o).
7
Let n(c) = -c**2 - 4*c - 6. Suppose 15*p - 14*p = -1. Let g = p + -4. What is n(g)?
-11
Let p(h) = 13*h**2 - 62*h + 9. Let b(o) = -7*o**2 + 34*o - 5. Let v(j) = 11*b(j) + 6*p(j). Give v(2).
7
Let w(l) = -5*l**2 + 14*l**2 + 10 + 7*l**2 - 3 - 8. What is w(-1)?
15
Let j(g) = g + 9. Let q(n) = -4*n + 25. Let s(f) = -44*f + 276. Let b(d) = -32*q(d) + 3*s(d). Let m be b(8). What is j(m)?
5
Let d(w) be the third derivative of -w**9/6048 - w**8/20160 + w**7/5040 - w**6/720 + 2*w**5/15 + w**2. Let g(n) be the third derivative of d(n). Calculate g(1).
-11
Let h(p) = -4 + p + 0 - 8*p**2 + 0*p**3 + p**3 + 1. Let z = -2748 + 2756. Determine h(z).
5
Let q(r) = -2*r - 5. Let x = 766 - 762. Calculate q(x).
-13
Let f(c) = 9 + 2*c**2 + 9*c - 1 - 11 + c**3 - 8*c**2. Determine f(4).
1
Let w(h) = 3*h + 7. Let l be w(4). Let j be 3 - (19/l + (-1 - -7)). Let m(v) = -v**3 - 3*v**2 - 4. Determine m(j).
12
Let l(c) = 3*c**2 + 3*c + c**3 - 3 + 4 + c**2. Suppose 292 + 14 = -102*a. Give l(a).
1
Let w(g) be the first derivative of g**4/12 + g**3/3 + g**2 + 11*g + 8. Let m(j) be the first derivative of w(j). Determine m(-2).
2
Suppose j = 21 - 9. Suppose 0 = -3*f + g + g + 24, -j = -4*f - 4*g. Let k(h) = -h**3 + 6*h**2 + h + 3. Determine k(f).
9
Let v = 6 - 4. Let i(r) = -v + 57*r - 56*r + 0 - 1. Let q = 6 + -3. Give i(q).
0
Suppose 3*a - 137 = 5*n, -2*n + 3*a - 37 = -n. Let s = 30 + n. Let l(h) = -s*h**2 - 3*h**3 + 3*h + 3*h**3 - 1 + h**3. Calculate l(4).
-5
Let a(s) be the second derivative of -1/6*s**3 + 0 + 5/2*s**2 + 6*s. Calculate a(-5).
10
Suppose 2*z = -3*z - 5, 0 = s + 2*z + 6. Let u(w) = 10258*w**2 + 10256*w**2 + 0 - w + 4 - 20515*w**2. Determine u(s).
-8
Let a(w) be the third derivative of 7*w**4/24 + w**3 + 22*w**2 - 4*w. Calculate a(6).
48
Let k(b) = -4*b + 3*b + 1640 - 1644. Give k(-5).
1
Suppose 36 = -9*v - 0. Let a(p) be the second derivative of p**3/2 + 2*p**2 + 15*p. Give a(v).
-8
Let x(n) = -n**2 + n + 16. Let p be 210/35 + 1*(0 + -1). Suppose p*d + u + 1 = 0, 0 = d - 0*d + u + 1. Calculate x(d).
16
Let f(c) be the second derivative of c**5/20 + c**4/3 + c**3/6 - c**2/2 + 2*c + 7. Determine f(-2).
5
Let y(f) = f**3 + 5*f**2 + 3*f. Let k be y(-4). Let t(d) = -k + 0 + 3. Let v(g) = -g**3 - 6*g**2 - 7*g - 1. Let q(p) = 2*t(p) + v(p). Give q(-5).
7
Let n(o) = -o**3 + 5*o**2 + 6*o - 3. Let l(z) = 2*z**3 + 2*z**2 - 9*z + 5. Let v be l(2). Suppose -3*x + v - 5 = 4*q, -x - 5*q = 9. What is n(x)?
-3
Suppose -4*v + 2*g + 8 = 0, -2*g - 5 = 3. Let u(n) be the third derivative of 1/12*n**4 + 0 - 5*n**2 + v*n + n**3. Give u(-6).
-6
Let v(l) be the second derivative of l**5/5 + l**4/12 + l**3/6 - l**2/2 + 5*l. Let c(q) = q + 2. Let k be c(2). Suppose k*w = -4 + 8. Give v(w).
5
Let p be (2 + -1)/((420/(-147))/20). Let f(u) = -2*u - 12. Give f(p).
2
Let d(g) = g**2 + 8*g + 9. Let f(j) = j**2 + 2. Let v be f(0). Suppose -4*m + 25 = -u, 2*m - 5*u = -v*u + 25. Suppose m*n = -10 - 20. What is d(n)?
-3
Let y = 150 + -150. Let d be (0 - -1)/(y + -1). Let j(k) = -12*k**3 - k**2 + 1. Give j(d).
12
Let l(p) = p**2 + p - 2. Let h(z) = -z**3 + 4*z**2 + 4*z - 10. Let d(g) = h(g) - 5*l(g). Determine d(-1).
1
Suppose 65*j - 68*j = 18. Let g(l) = -l**3 - 8*l**2 - 15*l - 11. Give g(j).
7
Let m(f) = -2*f**2 - 8*f + 48. Let x be m(-7). Let c(g) be the third derivative of 0*g + g**2 + 0 - 7/6*g**3 + 1/60*g**5 - 1/6*g**4. What is c(x)?
5
Let f(c) = -7*c**2 - 5*c + 9. Let a(w) = w**2 + 2*w - 1. Let t(i) = -6*a(i) - f(i). Give t(5).
-13
Let m(a) = -6*a - 1. Let i(x) = 14*x + 3. Let h(z) = -2*i(z) - 5*m(z). Let w(q) = -q**2 - q + 5. Let s be w(0). Give h(s).
9
Let a(q) = -1 + 4*q - 1 - 3 + 1. Let d = 11 - 7. Suppose 0 = d*z - 8 - 4. What is a(z)?
8
Let t(g) = g**3 - 2*g**2 - 3*g - 3. Let a(k) = -k**2 - 29*k - 51. Let m be a(-2). What is t(m)?
-3
Let r(w) = 2*w**3 - 21*w**2 + 10*w - 8. Let p(l) = 3*l**3 - 24*l**2 + 9*l - 9. Let f(b) = -3*p(b) + 4*r(b). Determine f(-13).
-5
Suppose y - 31 = -y + 5*t, 0 = 5*y + 4*t + 5. Suppose 3*c + 8 = -y*h + c, 0 = 4*h + c + 14. Let m(q) = -q**2 - 6*q - 4. What is m(h)?
4
Let a(d) be the first derivative of 11*d**4/4 + d**3/3 - d**2/2 - d + 4. Give a(-1).
-10
Let z be (-78)/(-12)*(9 - 56/8). Let i(l) = -l**3 + 12*l**2 + 11*l + 12. Give i(z).
-14
Let q(b) = -b**3 + 8*b**2 - 5*b - 8. Suppose -3*z = 3*p - 6, 0*z - 29 = -2*z + 3*p. Calculate q(z).
6
Let z(h) = -28*h**2 - 96*h + 104*h - 10 + 27*h**2. Determine z(4).
6
Let h(g) = -3*g + 12 + 5 + 0 + 0*g. Let a(x) = x - 6. Let v(z) = -11*a(z) - 4*h(z). Determine v(5).
3
Let z(w) = w**3 + 2*w**2 - 2*w - 2. Suppose -5*y + 54 = 4*q, 0 = -3*y + 8*y - 10. Suppose 0 = c - 8 + q. What is z(c)?
-5
Let o(r) = 1 - r**2 + 2*r + r**3 + 0*r + 6*r**2 + 2*r. Suppose 0 = -3*z + 24 + 60. Suppose 12 = 4*s + z. Calculate o(s).
1
Let h be (-17)/((-51)/(-18)) - -3. Let y(s) be the first derivative of -s**4/4 - s**3/3 + s**2 + 4*s - 3. Calculate y(h).
16
Let p(c) be the third derivative of -c**5/60 - 3*c**4/8 - 2*c**3/3 + 8*c**2 - 10*c. What is p(-6)?
14
Let c(t) = 2*t + 7. Suppose 0 = 2*z - 2, 5*p - z = -2*z + 26. Suppose -4*l + p = 17. Let r be ((-6)/(-3))/(1/l). Calculate c(r).
-5
Let w(j) be the first derivative of 5*j**4/12 - j**2/2 + 8*j + 3. Let y(t) be the first derivative of w(t). Let a(x) = -x - 10. Let k be a(-11). Calculate y(k).
4
Let p(f) = 2*f**2 - 9*f - 8. Let s(l) = l**2 - 9*l + 21. Let x be s(7). Calculate p(x).
27
Suppose -a - 2*a = -4*y - 9, -5*y - 3 = -a. Suppos